{"id":18,"date":"2019-10-01T17:17:07","date_gmt":"2019-10-01T17:17:07","guid":{"rendered":"http:\/\/www.groziodalia.lt\/?page_id=18"},"modified":"2023-10-28T14:25:37","modified_gmt":"2023-10-28T14:25:37","slug":"kainorastis","status":"publish","type":"page","link":"http:\/\/www.groziodalia.lt\/?page_id=18","title":{"rendered":"Kainora\u0161tis"},"content":{"rendered":"<p><span style=\"font-weight: 300;\"><a href=\"http:\/\/www.groziodalia.lt\/wp-content\/uploads\/2018\/02\/850x320-1.jpg\"><img decoding=\"async\" loading=\"lazy\" class=\"alignnone size-full wp-image-279\" src=\"http:\/\/www.groziodalia.lt\/wp-content\/uploads\/2018\/02\/850x320-1.jpg\" alt=\"\" width=\"850\" height=\"320\" srcset=\"http:\/\/www.groziodalia.lt\/wp-content\/uploads\/2018\/02\/850x320-1.jpg 850w, http:\/\/www.groziodalia.lt\/wp-content\/uploads\/2018\/02\/850x320-1-300x113.jpg 300w, http:\/\/www.groziodalia.lt\/wp-content\/uploads\/2018\/02\/850x320-1-768x289.jpg 768w\" sizes=\"(max-width: 850px) 100vw, 850px\" \/><\/a><\/span><\/p>\n<h6>\u0160iuo metu vykstan\u010dius\u00a0<strong><em>pasi\u016blymus <\/em><\/strong>galite rasti skiltyje\u00a0&#8216;Special\u016bs Pasi\u016blymai&#8217;<\/h6>\n<p><a title=\"Paslaugos.lt\" href=\"https:\/\/paslaugos.lt\/dalia-dv237\" target=\"_blank\" rel=\"noopener\"><img decoding=\"async\" src=\"https:\/\/paslaugos.lt\/l\/91417\/mano-klientu-rekomendacijos.png\" alt=\"Paslaugos.lt\" \/><\/a><br \/>\n<em><strong>Kainora\u0161tis:<\/strong><\/em><\/p>\n<h6 class=\"p1\">Esu Dalia Chapman &#8211; pilnai kvalifikuota gro\u017eio terapijos specialist\u0117 &#8211; viza\u017eist\u0117. Baigusi studijas Anglijos koled\u017ee v\u0117liau daug met\u0173 dirbusi ir gyvenusi u\u017esienyje. Gro\u017eio srityje esu jau vir\u0161 15 met\u0173.<\/h6>\n<h6 class=\"p1\">Atlieku proginius, vakarinius, jaunosios, teminius, foto makia\u017eus.<\/h6>\n<h6 class=\"p1\">Atskleisiu pa\u010dius gra\u017eiausius J\u016bs\u0173 bruo\u017eus, gro\u017eio studijos tikrai nepaliksite kaip su kauke, o auk\u0161tos kokyb\u0117s rinktin\u0117 kosmetika u\u017etvirtins puik\u0173 i\u0161silaikym\u0105 daugyb\u0119 valand\u0173. Jausit\u0117s kaip nuo \u017eurnalo vir\u0161elio ar prie\u0161 \u017eengdama raudonu kilimu &#8211; kaip tikra \u017evaig\u017ed\u0117!<\/h6>\n<h6 class=\"p1\">Naudoju rinktin\u0119 kosmetik\u0105 Lisa Eldridge, MAC, Bobbi Brown, Makeup Forever, Nars, Charlotte Tilbury, Chanel, Clarins, Loreal ir kita.<\/h6>\n<ul>\n<li class=\"p1\">Makia\u017eas 35-45 Eur<\/li>\n<li>Vestuvinis Jaunosios makia\u017eas 50-60 Eur<\/li>\n<li class=\"p1\">\u0160ukuosena 20-35 Eur<br \/>\nTiesinimas, lengvos garbanos, romantinis\/boho kuodukas, suri\u0161imas, esu pilnai kvalifikuota kirp\u0117ja, bet dirbanti tik su \u0161ukuosenomis.<\/li>\n<li>\u00a0Makia\u017eo Meistri\u0161kumo Pamoka &#8211; Individuali ar Dviems<br \/>\n95 Eur vienam \u017emogui 2 val.<br \/>\n145 Eur dviem \u017emon\u0117m 2.5 val.<\/li>\n<li>Grupin\u0117 makia\u017eo pamoka\u00a0 3 &#8211; 6+ \u017emoni\u0173<br \/>\nD\u0117l kainos ir s\u0105lyg\u0173 teirautis asmeni\u0161kai<\/li>\n<\/ul>\n<h6>Vedame individualias makia\u017eo pamokas. Taip pat galime pravesti mergvakarius, gimtadienius ir kitas \u0161ventes kartu jas papildant makia\u017eo pamokomis.<\/h6>\n<h6 class=\"p1\">Su\u017einoti daugiau pra\u0161au susisiekite:<br \/>\n<strong style=\"font-size: 1rem;\"><a href=\"http:\/\/www.facebook.com\/GrozioDalia\" target=\"_blank\" rel=\"nofollow noopener noreferrer\" data-ch=\"wfo\">www.facebook.com\/GrozioDalia<br \/>\n<\/a><\/strong>868689010 (galite palikti \u017einut\u0119)<br \/>\ngroziodalia@gmail.com<\/h6>\n<h5><span style=\"font-weight: 300;\">\u00a0<\/span><\/h5>\n<p>&nbsp;<\/p>\n<p>&nbsp;<\/p>\n<p>&nbsp;<\/p>\n<p>&nbsp;<\/p>\n<p>&nbsp;<\/p>\n<p>&nbsp;<\/p>\n<p>&nbsp;<\/p>\n<p>&nbsp;<\/p>\n<p>Raktiniai \u017eod\u017eiai:<br \/>\nmakia\u017eo pamoka, makia\u017eo pamokos, makia\u017eo pamoka Kaune, Kaunas makiazo pamokos, dieninis makia\u017eas, proginis makia\u017eas, visa\u017eist\u0117 kaune, vestuvinis makia\u017eas, makia\u017eas kaunas, visaziste, individuali makia\u017eo pamoka, makia\u017eo kursai Kaune, vakarinis makiazas, \u0161ventinis, vestuv\u0117s, jaunosios makia\u017eas, vestuv\u0117s kaune, Kaunas, Kauno miestas, \u0161vent\u0117, maniki\u016bras kaune, Kaunas maniki\u016bras, ilgalaikis lakavimas, ilgalaikis gelinis lakavimas, grozio salonas kauno centre, grozio salonas, gro\u017eio proced\u016bros, pediki\u016bras kaune, Spa pediki\u016bras, Spa maniki\u016bras, ilgalaikis pediki\u016bras, depiliacija Kaune, Kaunas depiliacija, depiliacija va\u0161ku, bikini depiliacija, antaki\u0173 tvarkymas va\u0161ku, antaki\u0173 korekcija, makiazo kursai, makia\u017eo kursai Kaune, Makia\u017eo kursai sau, makiazas laisves aleja, makiazas kauno centre, kauno centras, makiazas hotelyje, makiazas kauno hotelyje, kauno viesbutis.<\/p>\n","protected":false},"excerpt":{"rendered":"<p>\u0160iuo metu vykstan\u010dius\u00a0pasi\u016blymus galite rasti skiltyje\u00a0&#8216;Special\u016bs Pasi\u016blymai&#8217; Kainora\u0161tis: Esu Dalia Chapman &#8211; pilnai kvalifikuota gro\u017eio terapijos specialist\u0117 &#8211; viza\u017eist\u0117. Baigusi studijas Anglijos koled\u017ee v\u0117liau daug met\u0173 dirbusi ir gyvenusi u\u017esienyje. Gro\u017eio srityje esu jau vir\u0161 15 met\u0173. Atlieku proginius, vakarinius, jaunosios, teminius, foto makia\u017eus. Atskleisiu pa\u010dius gra\u017eiausius J\u016bs\u0173 bruo\u017eus, gro\u017eio studijos tikrai nepaliksite kaip su [&hellip;]<\/p>\n","protected":false},"author":1,"featured_media":0,"parent":0,"menu_order":0,"comment_status":"closed","ping_status":"closed","template":"","meta":{"footnotes":""},"_links":{"self":[{"href":"http:\/\/www.groziodalia.lt\/index.php?rest_route=\/wp\/v2\/pages\/18"}],"collection":[{"href":"http:\/\/www.groziodalia.lt\/index.php?rest_route=\/wp\/v2\/pages"}],"about":[{"href":"http:\/\/www.groziodalia.lt\/index.php?rest_route=\/wp\/v2\/types\/page"}],"author":[{"embeddable":true,"href":"http:\/\/www.groziodalia.lt\/index.php?rest_route=\/wp\/v2\/users\/1"}],"replies":[{"embeddable":true,"href":"http:\/\/www.groziodalia.lt\/index.php?rest_route=%2Fwp%2Fv2%2Fcomments&post=18"}],"version-history":[{"count":49,"href":"http:\/\/www.groziodalia.lt\/index.php?rest_route=\/wp\/v2\/pages\/18\/revisions"}],"predecessor-version":[{"id":494,"href":"http:\/\/www.groziodalia.lt\/index.php?rest_route=\/wp\/v2\/pages\/18\/revisions\/494"}],"wp:attachment":[{"href":"http:\/\/www.groziodalia.lt\/index.php?rest_route=%2Fwp%2Fv2%2Fmedia&parent=18"}],"curies":[{"name":"wp","href":"https:\/\/api.w.org\/{rel}","templated":true}]}}