{"id":29,"date":"2019-02-01T17:32:55","date_gmt":"2019-02-01T17:32:55","guid":{"rendered":"http:\/\/www.groziodalia.lt\/?page_id=29"},"modified":"2023-10-28T14:55:05","modified_gmt":"2023-10-28T14:55:05","slug":"kontaktai","status":"publish","type":"page","link":"http:\/\/www.groziodalia.lt\/?page_id=29","title":{"rendered":"Kontaktai"},"content":{"rendered":"<p><a href=\"http:\/\/www.groziodalia.lt\/wp-content\/uploads\/2019\/04\/vizaziste-kaune-makiazas.jpg\"><img decoding=\"async\" loading=\"lazy\" class=\"alignnone size-full wp-image-407\" src=\"http:\/\/www.groziodalia.lt\/wp-content\/uploads\/2019\/04\/vizaziste-kaune-makiazas.jpg\" alt=\"\" width=\"850\" height=\"850\" srcset=\"http:\/\/www.groziodalia.lt\/wp-content\/uploads\/2019\/04\/vizaziste-kaune-makiazas.jpg 850w, http:\/\/www.groziodalia.lt\/wp-content\/uploads\/2019\/04\/vizaziste-kaune-makiazas-150x150.jpg 150w, http:\/\/www.groziodalia.lt\/wp-content\/uploads\/2019\/04\/vizaziste-kaune-makiazas-300x300.jpg 300w, http:\/\/www.groziodalia.lt\/wp-content\/uploads\/2019\/04\/vizaziste-kaune-makiazas-768x768.jpg 768w\" sizes=\"(max-width: 850px) 100vw, 850px\" \/><\/a><\/p>\n<h5><span style=\"font-weight: 300;\">Sveiki, esu Dalia, pilnai kvalifikuota gro\u017eio terapijos specialist\u0117 &#8211; viza\u017eist\u0117, turinti daugiau nei 15 met\u0173 darbo patirt\u012f gro\u017eio srityje.<br \/>\n\u0160iuo metu dirbu gro\u017eio studijoje Kauno centre.<\/span><\/h5>\n<h5><span style=\"font-size: 1.25rem;\">Nor\u0117dami u\u017esira\u0161yti ar pasikonsultuoti galite susisiekti su manimi:<\/span><\/h5>\n<h5>Tel: 868689010<br \/>\n<span style=\"font-weight: 300;\">email: groziodalia@gmail.com<br \/>\n<a href=\"http:\/\/facebook.com\/GrozioDalia\"><em><strong>Facebook puslapis<\/strong> <\/em>\u00a0<\/a><\/span><\/h5>\n<p>&nbsp;<\/p>\n","protected":false},"excerpt":{"rendered":"<p>Sveiki, esu Dalia, pilnai kvalifikuota gro\u017eio terapijos specialist\u0117 &#8211; viza\u017eist\u0117, turinti daugiau nei 15 met\u0173 darbo patirt\u012f gro\u017eio srityje. \u0160iuo metu dirbu gro\u017eio studijoje Kauno centre. Nor\u0117dami u\u017esira\u0161yti ar pasikonsultuoti galite susisiekti su manimi: Tel: 868689010 email: groziodalia@gmail.com Facebook puslapis \u00a0 &nbsp;<\/p>\n","protected":false},"author":1,"featured_media":0,"parent":0,"menu_order":0,"comment_status":"closed","ping_status":"closed","template":"","meta":{"footnotes":""},"_links":{"self":[{"href":"http:\/\/www.groziodalia.lt\/index.php?rest_route=\/wp\/v2\/pages\/29"}],"collection":[{"href":"http:\/\/www.groziodalia.lt\/index.php?rest_route=\/wp\/v2\/pages"}],"about":[{"href":"http:\/\/www.groziodalia.lt\/index.php?rest_route=\/wp\/v2\/types\/page"}],"author":[{"embeddable":true,"href":"http:\/\/www.groziodalia.lt\/index.php?rest_route=\/wp\/v2\/users\/1"}],"replies":[{"embeddable":true,"href":"http:\/\/www.groziodalia.lt\/index.php?rest_route=%2Fwp%2Fv2%2Fcomments&post=29"}],"version-history":[{"count":22,"href":"http:\/\/www.groziodalia.lt\/index.php?rest_route=\/wp\/v2\/pages\/29\/revisions"}],"predecessor-version":[{"id":496,"href":"http:\/\/www.groziodalia.lt\/index.php?rest_route=\/wp\/v2\/pages\/29\/revisions\/496"}],"wp:attachment":[{"href":"http:\/\/www.groziodalia.lt\/index.php?rest_route=%2Fwp%2Fv2%2Fmedia&parent=29"}],"curies":[{"name":"wp","href":"https:\/\/api.w.org\/{rel}","templated":true}]}}